 2. Let c(v) = -5*t(v) - 2*x(v). Give c(-6).
1
Let m(z) = -6*z - 4*z**3 + 0*z**3 + 5*z**3 - 2*z**2 + 2. Let b be 20/(-4)*(-6)/15. Suppose b*x - v - 2 = v, 3*v + 7 = 4*x. Determine m(x).
10
Let s(w) = -5*w**2 - 2*w + 2. Let n(i) = -6*i**2 - 2*i + 3. Let r(k) = -3*n(k) + 4*s(k). Let c = 1208 - 1209. Calculate r(c).
-1
Suppose -5*v + 152*k - 148*k - 29 = 0, 0 = -3*v - 4*k - 11. Let w(h) be the second derivative of 0 + 1/6*h**3 - 3*h + 0*h**2. Determine w(v).
-5
Suppose 59*q - 58*q - 47 = 0. Let y(p) = -44*p + 4 + q*p - 14*p + 2*p**2. Calculate y(6).
10
Let o(c) = -20*c + 1. Let v = 247 - 239. Suppose v*y - 3 = 5*y. Give o(y).
-19
Let n(t) = -4*t - 17. Suppose 2*z + 104 = -4*l + 7*l, 3*l = 4*z + 94. Suppose 0 = -3*c + 5*i - l, -3*c + i - 14 - 8 = 0. Calculate n(c).
7
Let m(s) = 5*s - 2. Let d be -4 + (-2)/2 + 7. Suppose -d*p - 88 = -82. What is m(p)?
-17
Let w(r) = -5*r + r**2 + 63 - 26 - 3*r + 22*r. Determine w(-4).
-3
Let r(n) = 5*n + 7. Suppose -47 - 23 = -14*s. Let x(h) = -6*h - 9. Let f(z) = s*r(z) + 4*x(z). Give f(-4).
-5
Let t(m) = -208*m - 634. Let l be t(-3). Let f(y) = -6*y - 48. What is f(l)?
12
Suppose 16 = 2*q + 2*q. Let i(g) be the first derivative of 2*g**2 - 4*g + 5238. Determine i(q).
12
Let l(i) = i**3 + i**2 - 29*i - 7. Let o(f) = -5*f + 1. Let q(g) = -l(g) + 3*o(g). What is q(-4)?
2
Let t(b) = b**2 - 83*b + 598. Suppose -42 = -43*r + 337 - 35. What is t(r)?
-2
Let l(v) be the second derivative of 1/20*v**5 - 36 - 1/6*v**3 - v + 1/2*v**2 + 1/2*v**4. Let m = -13 - -7. Give l(m).
7
Let r(b) = -b + 38. Let m be 1 - (-9 - 14 - -5)*(-2)/(-3). What is r(m)?
25
Let n be (27/(-117))/(12/(-156)). Suppose 5*s = -t + 16 + 1, -3*s = -9. Let m(q) = 0 - t*q - 2*q - 2. Calculate m(n).
-14
Let r(p) be the first derivative of p**4/4 - p**3/3 + 2*p + 1. Let u = -27033 - -27033. Determine r(u).
2
Let d = 1737 - 1734. Suppose -3*h + 47 = 2. Let n(k) = -17 + k**d - h*k**2 + 15*k**2 + k. Give n(0).
-17
Let d(j) = -5273*j + 9 + 5*j**2 - 4*j**2 + 5265*j. Let o(l) = -2*l**2 + 6*l - 2. Let q be o(4). Let m = -2 - q. What is d(m)?
9
Let x(s) = s**3 - 6*s**2 - 2*s - 2. Let r(i) = i**3 + 7*i**2 + i + 4. Let j be r(-7). Let d be j - (-37 - (-1 - -2)). Suppose 0 = -4*v + d - 11. Calculate x(v).
-14
Let d(g) = g**2 + 24*g - 4. Suppose 219*c = -220*c + 450*c + 275. What is d(c)?
21
Let u(b) = -b**3 + 7*b**2 - 5*b + 6. Let c = 7876 - 7872. Determine u(c).
34
Let z(s) = s**3 + 4*s**2 + s + 8. Suppose -19*y + 95 = -63*y - 125. Give z(y).
-22
Let z(l) be the first derivative of -31*l**2/2 + 1644*l + 10219. What is z(53)?
1
Let v = 268 - 268. Suppose v = -2*m + 1060 - 1078. Let t(u) = u**2 + 9*u - 13. What is t(m)?
-13
Suppose h + x + 2*x - 92 = 0, -5*h + 2*x = -426. Let w = -42 + h. Let m(q) = 2 - q**2 - 25*q - 24*q + w*q. What is m(-5)?
2
Let b(j) be the third derivative of j**6/120 - j**5/12 + j**3/6 + 904*j**2. Determine b(6).
37
Let w(m) be the first derivative of 1/2*m**4 + 7*m - m**2 - 2/3*m**3 + 1. Let t(i) = 3*i**3 - 5*i**2 - 4*i + 13. Let u(j) = 3*t(j) - 5*w(j). Give u(-5).
14
Let h(q) be the second derivative of 7/2*q**2 + 2 + 1/6*q**3 + 19*q. Let o = -6 + 1. Calculate h(o).
2
Let o(f) = -335*f**3 + 27*f**2 - 34*f - 10. Let s(z) = -56*z**3 - 2*z - 1. Let h(d) = o(d) - 6*s(d). Calculate h(1).
2
Let k(l) = l**3 - l**2 + 2*l - 59. Let t(b) = b**3 - 19*b**2 + 78*b. Let z be t(13). Give k(z).
-59
Suppose 0 = -4*r - 3*k + 117, r + k = -3*r + 127. Let j = r + -30. Let c(v) = -5*v - 3 + v**3 + j*v - 2*v - 4 - 4*v**2. Give c(5).
-2
Let m(r) = -7*r - 23. Let h = 534 - 538. Let v be m(h). Let c(i) be the second derivative of -i**3/3 + 3*i**2 + 4*i. Calculate c(v).
-4
Let h be (-2)/(((-4)/(-2))/(-2)). Let k be (-14)/1*2*(-7)/28. Let u(r) = r**3 - 3*r + r**2 - 4*r**h + r**2 - 2*r**2 - k. Calculate u(5).
3
Let j(t) be the third derivative of t**5/30 + 33*t**4/8 + 21*t**3/2 + 8332*t**2. What is j(-49)?
14
Let b(m) = 0*m - 2*m - 22495 + 22480 + 4*m. Give b(5).
-5
Let i(k) = -1 + 111 - 93 + 27*k - 4*k**2 - 9. What is i(7)?
1
Let d = -70 - -64. Let b(n) be the first derivative of n**5/60 + 3*n**4/8 + 7*n**3/6 - 3*n**2/2 - 11. Let q(m) be the second derivative of b(m). Calculate q(d).
-11
Let t(b) = b**3 - 23*b**2 - 11*b + 2. Let g(r) = r**3 - 25*r**2 - 10*r. Let u(n) = -5*g(n) + 6*t(n). Give u(14).
-16
Let i(m) = -m**2 - 8*m - 1. Suppose -6*u + 2168 + 412 = 0. Let l = 427 - u. What is i(l)?
14
Let f(m) = 47*m + 230. Let x be (-5)/(7 + 12 - 18). Determine f(x).
-5
Let w(d) = 25*d + 135. Let j(q) = q + 3. Let k(s) = 6*j(s) - w(s). What is k(-7)?
16
Let a(i) = 4*i + 32. Let f be a(-7). Suppose -14 = -z - 4*q - f, -q + 34 = -5*z. Let v(l) be the first derivative of -l**3/3 - 2*l**2 - 8*l - 29. What is v(z)?
-20
Suppose 1225*r - 1230*r + 90 = 4*i, 5*r - 50 = -2*i. Let m(j) = -j**3 + 22*j**2 - 40*j - 4. Give m(i).
-4
Suppose 3*d - 3 = -a + 10, 2*d - 10 = -a. Let s(c) = -17*c + 77. Determine s(a).
9
Let y(m) be the second derivative of 1/6*m**3 + 0 - 7*m**2 - 8*m. Suppose 0 = -u + c, -3*u + 4*c - 7*c = 0. Give y(u).
-14
Let p(r) = 47653*r + 84 - 15881*r - 15887*r - 15882*r. Give p(-26).
6
Let v(p) = -3*p**2 - 2*p + 2. Let h be ((-27)/(-4))/((-12)/(-32)). Suppose 3*k + h = 12*k. Let r be (0 - k)/((-4)/(-4)). Determine v(r).
-6
Let y(j) be the second derivative of -j**4/12 + 2*j**3/3 + 6*j**2 + 13*j. Let a(i) = -i**3 + i**2 + 15*i - 7. Let w be a(4). Calculate y(w).
7
Let o be 846/207 - 6/69. Let h(i) = -9*i**2 - 4*i + 3. Let g(d) = 7*d**2 + 4*d - 3. Let j(x) = o*h(x) + 5*g(x). What is j(3)?
0
Let u = -11876 + 11874. Let w(b) = -5*b**3 - b**2 + 2*b + 5. Give w(u).
37
Suppose -3039 = 28*z - 2871. Let l(n) = -2*n. Determine l(z).
12
Let b(m) = m**2 + 34 - 69 + 38. Let f(p) = -5*p**2 - p - 2. Let d(o) = -4*b(o) - f(o). What is d(0)?
-10
Let z(j) = j**3 - 6*j**2 - 3*j - 6. Let g(p) = -p - 2. Let s(d) = 2*d**2 + 2*d + 5. Let a(b) = -2*g(b) - s(b). Let x(h) = -3*a(h) + z(h). Determine x(-2).
-5
Let y(f) = 22*f - 107. Let k be y(5). Let r(j) be the first derivative of -3*j**2 - 1/4*j**4 - 7/3*j**3 + k*j + 14. Give r(-6).
3
Let m(s) = 587*s - 1113*s + 531*s - 17. Determine m(20).
83
Let j(y) = -90 - 353*y + 117*y**2 - 46*y**2 + 310*y + y**3 - 31*y**2. Determine j(-41).
-8
Let v(a) = 23*a - a**3 - 1 - 5*a**2 + 45*a + 2*a**3 - 63*a. Calculate v(4).
3
Let d(m) = -m**2 + 2*m - 3. Let f be -7 + (172 + 5)*1. Suppose -7*v = -41*v + f. Determine d(v).
-18
Let d = -1659 - -1652. Let j = -20 - -24. Let a(o) = 3 + 3 - 6*o**2 + j*o**3 + 9*o - 5*o**3 + 2. Give a(d).
-6
Let d(t) = -2*t**2 - 6*t. Let k(u) = 11*u + 11. Let b be k(-1). Suppose b = 24*y - 16*y + 32. Calculate d(y).
-8
Let k(y) = -1065 - 493*y**2 + 1075 + 491*y**2 + 7*y. What is k(-2)?
-12
Let i(p) = 2*p**2 + 6. Let a(s) = 14*s**2 - 39*s + 21. Let g(q) = -a(q) + 6*i(q). Determine g(20).
-5
Let z = -11 + 8. Let o(p) = 3*p + 57. Let t be o(-18). Let r(h) = 0*h**3 + h + 4*h**3 + 4*h**2 + 2 - 3*h**3 - t. Give r(z).
5
Let b(f) = f**2 + 6*f. Let y = -125 + 212. Let r be (-681 + 2)/7 - -5. Let x = y + r. What is b(x)?
-5
Suppose -5*r + 3*a + 9 = -6*r, -a - 14 = 4*r. Let w be 2/r + (-77)/(-21). Let v(i) = -2 + 127*i**2 + 3 - 126*i**2 - w. Give v(-2).
2
Suppose -3*x + 75*c - 74*c = -18, -3*x + 4*c = -18. Let y(z) = -2*z**3 + 13*z**2 - 5*z - 4. Determine y(x).
2
Let a(v) be the third derivative of -v**6/15 + v**5/60 - 5*v**2. Let c = -27 + 33. Suppose -11 = -5*n - c. What is a(n)?
-7
Let v = -380 + 571. Let q(k) = k**3 - 10 - 177*k - 9*k**2 - v*k + 360*k. Calculate q(10).
10
Let a(t) = 41679*t + 40 + 41681*t - 83355*t - 3*t**3 - 27*t**2 + 0*t**3. Calculate a(-9).
-5
Let h(w) = 5*w**2 + 6*w + 24. Let b(a) = 2*a**2 + 6*a. Let j(m) = 3*b(m) - h(m). Give j(-14).
4
Let u(n) = n**3 - 13*n**2 + 15*n - 19. Suppose 3*h - 15 = 0, 0 = -43*x + 44*x - 2*h - 2. Give u(x).
17
Suppose -3*u - 80 + 71 = a, 4*a - 24 = 0. Let z(p) = p**3 + 5*p**2 + 13. Give z(u).
13
Suppose -4*d + 11 + 5 = 0. Let c(t) = -19*t - 93. Let z(y) = -8*y - 37. Let b(l) = -2*c(l) + 5*z(l). Let r(v) = -v. Let u(a) = d*r(a) - 3*b(a). What is u(2)?
1
Let m(p) = -2*p**2 - 75*p + 515. Let o(l) = 2*l**2 + 75*l - 639. Let g(f) = 6*m(f) + 5*o(f). Calculate g(-36).
3
Let k(u) = -u**3 + u**2 - u + 1. Suppose 32*o = 29*o + 3. Let z(m) = 5*m**3 + 9*m - 2. Let g(c) = o*z(c) + 4*k(c). What is g(-2)?
0
Le